
Let p(j) = -40*j**2 - 39*j**2 - 32*j - 43*j**2 + 127*j**2 + 8. What is the tens digit of p(8)?
7
Let s = 57 - 53. Suppose 4*b + b = 2*t - 751, 3*t - s*b - 1109 = 0. Suppose -5*x + t = -522. What is the units digit of x?
7
Suppose -2*y + 2 = 8. Let p be (y - 13593/(-21)) + 2/(-7). Let b = p + -452. What is the units digit of b?
2
What is the hundreds digit of 124810/(-42)*(-66)/55?
5
Let f = 32349 + -18957. What is the tens digit of f?
9
Let k be 279/30*-2 - 10/25. What is the hundreds digit of (-104507)/(-247) - (-2)/k?
4
What is the tens digit of (-9 - (7 - 5)) + 12 - -10752?
5
Suppose 740 + 364 = 16*k. What is the hundreds digit of k/(-115) - (-5979)/15?
3
Suppose 0 = 24*s - 11*s - 4524. Suppose -s = -20*w + 19*w. What is the units digit of w?
8
Suppose l - 363*c = -359*c + 3949, -5 = -c. What is the hundreds digit of l?
9
What is the hundreds digit of 128859/4 - (-2637)/1172?
2
Let b = 222 + -222. Suppose -5*v - 2*k + 3446 = b, -2*v + 2*k + 820 = -550. What is the hundreds digit of v?
6
Let j(c) = c**3 - 6*c**2 + 8*c - 4. Let r = -2 + 5. Let q be j(r). What is the hundreds digit of 1 - -113 - (-7 - 28/q)?
1
Suppose 98 = -68*w + 19*w. Let o(b) = 298*b**2 - 73*b - 146. What is the tens digit of o(w)?
9
Let b = 19 + -17. Suppose b*o = -o + l + 464, 0 = -4*o + 3*l + 612. What is the tens digit of o?
5
Let u(p) = 276*p + 236. Let y be u(5). Suppose -y = 29*c - 45*c. What is the hundreds digit of c?
1
Let c(d) = 166*d + 49 + 130*d - 91*d + 286*d. What is the tens digit of c(1)?
4
Suppose -414*r = -384*r - 9630. What is the units digit of r?
1
What is the tens digit of (986904/22)/4 + -13 + (-1740)/(-132)?
1
Suppose 1044 = -18*y + 5518 - 46. What is the units digit of y?
6
Suppose -376 = -5*s - 2*i + 4047, 5*i = 2*s - 1775. Let q = s + -342. What is the units digit of q?
3
Let p = 2131 + -1482. Let w be 2/(-3) + p/3*2. Suppose 96 - w = -7*c. What is the units digit of c?
8
Let k(n) = 391*n**3 + 40*n**2 + 50*n + 17. Let u(d) = 130*d**3 + 14*d**2 + 17*d + 6. Let x(s) = -4*k(s) + 11*u(s). What is the thousands digit of x(-2)?
1
Let a = 175 + -105. Let m(p) = -36*p - 70 + a. What is the hundreds digit of m(-4)?
1
Suppose 2*i - 2*j = i + 2299, 4*i = -5*j + 9170. What is the tens digit of i?
9
Let l(c) be the first derivative of 15*c**2 + 32*c + 20. What is the tens digit of l(6)?
1
Let x = -6 + 4. Let q(j) = -25*j + 20 + 15 + 20 - 2*j - 64. What is the units digit of q(x)?
5
Suppose -5*c = 2*w - 5356, 4*w + 1826 = 4*c - 2442. Suppose 27*f + c = 32*f. What is the units digit of f?
4
What is the thousands digit of (1733427/228)/((-6)/(-16))?
0
What is the hundreds digit of 28*9/(180/2590)?
6
Let v(n) = 40*n**2 - 10*n - 23. Let o be v(-3). Suppose -4*a = -o - 481. What is the tens digit of a?
1
Let j(d) = -17*d + 238. Let r be j(14). Suppose 0 = -b - 4*z + 981, 2*b - 3*z - 1839 - 112 = r. What is the units digit of b?
7
Let a(h) = h**3 - 20*h**2 + 36*h + 7. Let n be a(18). Suppose -5440 = -3*q - n*q. Suppose 68*x = 66*x + q. What is the units digit of x?
2
Let k(s) = 18*s**2 - 9*s + 31. Let h(u) = u**2 - 5*u - 2. Let r be h(-1). What is the tens digit of k(r)?
8
Suppose 686 = 4*d + 678. Suppose 0 = -d*a - p + 1391, 3*a + 0*p - 4*p = 2092. What is the tens digit of a?
9
Let w(q) = -2*q**3 - 24*q**2 + 28*q + 11. Let r be w(-12). Let u = r - -1316. What is the tens digit of u?
9
Suppose -3*i - 56489 = -5*z - 14733, -16659 = -2*z - 5*i. What is the tens digit of z?
4
Let t(f) = 14*f**2 + 7*f + 4. Let h(p) = 5*p**2 + 2*p + 1. Let o(x) = -7*h(x) + 2*t(x). Let m be o(1). What is the units digit of ((-1)/(-2) + (m - -6))*268?
4
Let f(l) = 2*l**2 + 10. Suppose -4*h = -0*h - 56. Suppose -c + h = 3*q, 2*c = -q + 7*c - 6. What is the units digit of f(q)?
2
Suppose -11*r = -7*r - 40. Let b(y) = y**3 - 6*y**2 - 4*y + 4. Let f be b(r). Let q = -137 + f. What is the hundreds digit of q?
2
Suppose 2*q - 3*q = 5*r - 47, 3*q - 113 = -r. Suppose m - q = 9. Suppose 8 = 2*b + 3*y + y, 4*b + 2*y = m. What is the units digit of b?
4
Suppose 0 = -2*i + 3*p + 8537, -3*i + 12835 = 4*p + 21. What is the tens digit of i?
7
Let p = 481 + -440. Suppose p*h - 28*h = 13520. What is the hundreds digit of h?
0
Let u be ((-55)/(-22))/(2/(1 + -5)). Let n be (u + 10 + (-1 - 1))/3. Let r(k) = 95*k - 3. What is the tens digit of r(n)?
9
Suppose -3*d - 18 = -24. Suppose 2*l + 3*p = 1162, -d*p + 0*p = -4. What is the tens digit of l?
7
Suppose 5*u - 10 = 3*f, -3*f - u = 2 - 22. Suppose -f*v - 2 = -3*v, 2*h - 547 = -v. What is the tens digit of h?
7
Let z = 174 + -162. Suppose -4005 - 4863 = -z*p. What is the units digit of p?
9
Let p = 45 - 31. Let q = -11 + p. Suppose 3*c - 18 = 3*u - 0*u, 10 = c + q*u. What is the units digit of c?
7
Suppose 0 = 3*q + 4*r - 103620, -5*q + 1504*r + 172700 = 1506*r. What is the thousands digit of q?
4
Suppose -4*c = 32 - 16. Let m(s) = -s**3 - 2*s**2 + 8*s + 13. Let v be m(c). Suppose 3*h + 23 = u, h + v + 6 = u. What is the units digit of u?
7
Suppose -228*j + 304*j - 304 = 0. Let f(m) = -50*m - 4. Let b be f(-6). Suppose -3*s + 0*r = -r - 222, j*s - b = -r. What is the tens digit of s?
7
Let q(b) = -b**3 + 6*b**2 + 8*b - 5. Let y be q(5). What is the tens digit of 6*(1*3 - (-5740)/y)?
9
Let l = 54525 - 29505. What is the thousands digit of l?
5
Let y(x) be the third derivative of 71*x**5/60 - x**4/12 - 13*x**3/3 - 38*x**2 + 1. What is the tens digit of y(-3)?
1
Suppose 8536 = 5*f - 2*y, 4*f + 0*y - 6833 = 3*y. Let r = f + -1021. What is the tens digit of r?
8
Let u(z) = z**3 - z**2 - z + 22. Let r be u(0). Let g(m) = -m**2 + 66*m - 450. Let j be g(8). Suppose -r*x + 88 = -j*x. What is the tens digit of x?
1
Let x be (-45)/2*32/(-20). Let i be x/27 + (-6)/(-9). Suppose i*f + 3*y = 85, 2*f + 5*y - 82 = 3*y. What is the units digit of f?
8
Let b(u) = 8*u**2 + 11*u - 4*u**2 + 6 - 2*u**2. Let a be b(-11). Suppose 4*l + 103 = 4*t + t, -4*l = 5*t - a. What is the units digit of t?
3
Suppose -5*l + 3*c - 12 = -31, -4*l + 22 = c. Let x(t) = 26*t**2 + 20*t + 5. What is the tens digit of x(l)?
5
Suppose 2*a - 13*l = -9*l + 2, -19 = -5*a - 4*l. Suppose -3*j - 1 = -7, a*j - 272 = -2*r. Suppose 0 = -0*f + 7*f - r. What is the tens digit of f?
1
What is the thousands digit of (334/(-12)*-2)/((-55)/(-11220))?
1
Let z(q) = -9*q + 4. Let d(k) = 9*k - 3. Let o(j) = -6*d(j) - 5*z(j). Suppose 88 = -9*l - 2*l. What is the units digit of o(l)?
0
Suppose -m + 3*m + 368 = 0. Let u be (80/(-56))/((-50)/210). What is the tens digit of (m/(-6) - -4)*u?
0
Let g(h) = -h**2 - 8*h + 14. Let i be g(-9). Suppose 160 = i*r - 185. Suppose a - 16 = r. What is the units digit of a?
5
Let a be -4*((1 - 5) + 14/4). Suppose -5*w + 2764 = a*r, -5*r + 4*w + w = -6910. What is the units digit of r?
2
Let s(c) = -c**2 - 11*c - 15. Let r be s(-9). Suppose r*t + 0*t - x + 3 = 0, -3*t + 15 = 5*x. Let k(v) = v**2 + 8. What is the units digit of k(t)?
8
Let k be (0 - 38/4)*(4 - 6). Let c = k + -7. What is the tens digit of c*3 - 1 - (-24)/(-12)?
3
Let c(z) = -z**3 + 5*z**2 + 2. Let p be c(5). Let u = 498 - 305. Suppose 4*a - p*k - u = 3*k, 5*k - 17 = -a. What is the tens digit of a?
4
Suppose -2*j - 5*r + 175 = 3*j, 3*j - 2*r - 80 = 0. Suppose -31*c + 429 = -j*c. What is the units digit of c?
9
Let u(c) be the third derivative of -c**5/60 + 13*c**4/6 + 151*c**3/6 + 17*c**2 + 3*c. What is the hundreds digit of u(42)?
5
Suppose -258*o + 13783308 = -62*o. What is the tens digit of o?
2
Let k(x) = -1091*x + 1280 - 420 + 338 + 1083*x. What is the thousands digit of k(0)?
1
Let a be 4 - 8*7/28. Suppose 3*b - 9 = 0, -3*j - a*j + 3237 = 4*b. What is the tens digit of j?
4
Let v be (-7)/(-3) - (-4)/6. Suppose 4*g + 20 = 5*i + v*g, -2*i - g = -15. Suppose p + 3*p = 12, 510 = i*w - 5*p. What is the tens digit of w?
0
Let w(a) = -33*a**2 + 2438*a - 58. What is the thousands digit of w(57)?
1
What is the units digit of 7601 - (-200)/80*(-28)/10?
4
Let w = -52355 - -74929. What is the ten thousands digit of w?
2
Let r(m) = -m**2 + 13*m - 19. Let k be r(11). Let y(x) = 7*x**3 + 5*x**2 - 2*x - 4. Let h be y(k). Suppose h = 6*v - 958. What is the hundreds digit of v?
1
Let g = 192 - 127. Let l = g + 13. Let s = 127 - l. What is the units digit of s?
9
Suppose 2*t = -12, -168*c + 164*c = -3*t - 146250. What is the hundred